{"id":21750,"date":"2020-10-08T07:36:29","date_gmt":"2020-10-08T06:36:29","guid":{"rendered":"https:\/\/willysplan.com\/producto\/excursio-dun-dia-a-la-mola"},"modified":"2023-09-05T04:59:49","modified_gmt":"2023-09-05T03:59:49","slug":"excursio-dun-dia-a-la-mola","status":"publish","type":"product","link":"https:\/\/www.willysplan.com\/ca\/producto\/excursio-dun-dia-a-la-mola","title":{"rendered":"Excursi\u00f3 d&#8217;un dia a la Mola"},"content":{"rendered":"<h2><strong>Detalls de la ruta:<\/strong><\/h2>\n<p>En aquesta excursi\u00f3 guiada us proposem una escapada d&#8217;un dia a La Mola, que no oblidareu mai.<\/p>\n<p>Sortirem des de Barcelona ciutat, adre\u00e7a al Parc Natural de Sant Lloren\u00e7 i l&#8217;Obac: Un espai natural protegit, situat entre el Bages i el Vall\u00e8s Oriental. \u00c9s distingible pel seu inter\u00e8s paisatg\u00edstic, biol\u00f2gic i cultural. \u00c9s per aix\u00f2 que \u00e9s una de les destinacions m\u00e9s populars entre els turistes locals, per anar a passar el dia, mentre gaudeixes d&#8217;unes incre\u00efbles vistes de les dues muntanyes (el Montcau i la Mola), aix\u00ed com gaudir dels misteris que espera dit parc natural (Cova Simanya).<\/p>\n<p><strong>Sortida des de Barcelona:<\/strong> 8:00 h <a href=\"https:\/\/goo.gl\/maps\/pBehfm2xGLmtk4358\">Oficina de Correus, Barcelona<\/a> , \u200b\u200bCatalunya.<\/p>\n<p><strong>Arribada a Barcelona:<\/strong> 20:00 h <a href=\"https:\/\/goo.gl\/maps\/pBehfm2xGLmtk4358\">Oficina de Correus, Barcelona<\/a> , \u200b\u200bCatalunya.<\/p>\n<p><strong>Dificultat de la ruta:<\/strong> baixa.<\/p>\n<h2><strong>Qu\u00e8 inclou lexperi\u00e8ncia: <\/strong><\/h2>\n<p>Transport amb bus o minivan (anada i tornada).<\/p>\n<p>Dinar migdia (opcional).<\/p>\n<p>Guia \/ Acompanyant.<\/p>\n<p>Segur en cas d&#8217;accidents.<\/p>\n<h2><strong>Si tens algun dubte o consulta, no dubtis a contactar-nos:<\/strong><\/h2>\n<ul>\n<li>Mail: help@willysplan.com<\/li>\n<li>Tel\u00e8fon: +34 677 724 611<\/li>\n<\/ul>\n","protected":false},"excerpt":{"rendered":"<p><strong>Dates de la sortida:<\/strong> <em>Sota demanda.<\/em><\/p>\n<p><strong>Participants:<\/strong> <em>(Reserva de grups sota demanda: Preus des de 35\u20ac\/persona)<\/em><\/p>\n<h2>Demana&#8217;ns pressupost:<\/h2>\n[contact-form-7 id=\"21758\" title=\"Formulario excursiones privadas (CA)\"]\n","protected":false},"featured_media":12949,"comment_status":"open","ping_status":"closed","template":"","meta":{"neve_meta_sidebar":"","neve_meta_container":"","neve_meta_enable_content_width":"off","neve_meta_content_width":0,"neve_meta_title_alignment":"","neve_meta_author_avatar":"","neve_post_elements_order":"","neve_meta_disable_header":"","neve_meta_disable_footer":"","neve_meta_disable_title":"","_joinchat":[]},"product_brand":[],"product_cat":[487],"product_tag":[489],"class_list":{"0":"post-21750","1":"product","2":"type-product","3":"status-publish","4":"has-post-thumbnail","6":"product_cat-excursions-organitzades-per-catalunya","7":"product_tag-teambuilding-ca","9":"first","10":"instock","11":"shipping-taxable","12":"product-type-external"},"yoast_head":"<!-- This site is optimized with the Yoast SEO Premium plugin v20.1 (Yoast SEO v26.9) - https:\/\/yoast.com\/product\/yoast-seo-premium-wordpress\/ -->\n<title>Excursi\u00f3 d&#039;un dia a la Mola - Willy&#039;s Plan \ud83c\udf43<\/title>\n<meta name=\"description\" content=\"Reserva ja la teva excursi\u00f3 d\u00b4un dia a la Mola. Descobreix el Parc Natural de Sant Lloren\u00e7 del Munt, amb el Montcau, la Cova Simanya, la Mola...\" \/>\n<meta name=\"robots\" content=\"index, follow, max-snippet:-1, max-image-preview:large, max-video-preview:-1\" \/>\n<link rel=\"canonical\" href=\"https:\/\/www.willysplan.com\/ca\/producto\/excursio-dun-dia-a-la-mola\" \/>\n<meta property=\"og:locale\" content=\"ca_ES\" \/>\n<meta property=\"og:type\" content=\"article\" \/>\n<meta property=\"og:title\" content=\"Excursi\u00f3 d&#039;un dia a la Mola\" \/>\n<meta property=\"og:description\" content=\"Reserva ja la teva excursi\u00f3 d\u00b4un dia a la Mola. Descobreix el Parc Natural de Sant Lloren\u00e7 del Munt, amb el Montcau, la Cova Simanya, la Mola...\" \/>\n<meta property=\"og:url\" content=\"https:\/\/www.willysplan.com\/ca\/producto\/excursio-dun-dia-a-la-mola\" \/>\n<meta property=\"og:site_name\" content=\"Willy&#039;s Plan \ud83c\udf43\" \/>\n<meta property=\"article:modified_time\" content=\"2023-09-05T03:59:49+00:00\" \/>\n<meta property=\"og:image\" content=\"https:\/\/www.willysplan.com\/wp-content\/uploads\/2020\/10\/excursio-a-la-mola.jpg\" \/>\n\t<meta property=\"og:image:width\" content=\"800\" \/>\n\t<meta property=\"og:image:height\" content=\"533\" \/>\n\t<meta property=\"og:image:type\" content=\"image\/jpeg\" \/>\n<meta name=\"twitter:card\" content=\"summary_large_image\" \/>\n<meta name=\"twitter:label1\" content=\"Temps estimat de lectura\" \/>\n\t<meta name=\"twitter:data1\" content=\"1 minut\" \/>\n<script type=\"application\/ld+json\" class=\"yoast-schema-graph\">{\"@context\":\"https:\/\/schema.org\",\"@graph\":[{\"@type\":\"WebPage\",\"@id\":\"https:\/\/www.willysplan.com\/ca\/producto\/excursio-dun-dia-a-la-mola\",\"url\":\"https:\/\/www.willysplan.com\/ca\/producto\/excursio-dun-dia-a-la-mola\",\"name\":\"Excursi\u00f3 d'un dia a la Mola - Willy&#039;s Plan \ud83c\udf43\",\"isPartOf\":{\"@id\":\"https:\/\/www.willysplan.com\/#website\"},\"primaryImageOfPage\":{\"@id\":\"https:\/\/www.willysplan.com\/ca\/producto\/excursio-dun-dia-a-la-mola#primaryimage\"},\"image\":{\"@id\":\"https:\/\/www.willysplan.com\/ca\/producto\/excursio-dun-dia-a-la-mola#primaryimage\"},\"thumbnailUrl\":\"https:\/\/www.willysplan.com\/wp-content\/uploads\/2020\/10\/excursio-a-la-mola.jpg\",\"datePublished\":\"2020-10-08T06:36:29+00:00\",\"dateModified\":\"2023-09-05T03:59:49+00:00\",\"description\":\"Reserva ja la teva excursi\u00f3 d\u00b4un dia a la Mola. Descobreix el Parc Natural de Sant Lloren\u00e7 del Munt, amb el Montcau, la Cova Simanya, la Mola...\",\"breadcrumb\":{\"@id\":\"https:\/\/www.willysplan.com\/ca\/producto\/excursio-dun-dia-a-la-mola#breadcrumb\"},\"inLanguage\":\"ca\",\"potentialAction\":[{\"@type\":\"ReadAction\",\"target\":[\"https:\/\/www.willysplan.com\/ca\/producto\/excursio-dun-dia-a-la-mola\"]}]},{\"@type\":\"ImageObject\",\"inLanguage\":\"ca\",\"@id\":\"https:\/\/www.willysplan.com\/ca\/producto\/excursio-dun-dia-a-la-mola#primaryimage\",\"url\":\"https:\/\/www.willysplan.com\/wp-content\/uploads\/2020\/10\/excursio-a-la-mola.jpg\",\"contentUrl\":\"https:\/\/www.willysplan.com\/wp-content\/uploads\/2020\/10\/excursio-a-la-mola.jpg\",\"width\":800,\"height\":533,\"caption\":\"excursi\u00f3 d\u00b4un dia a la mola\"},{\"@type\":\"BreadcrumbList\",\"@id\":\"https:\/\/www.willysplan.com\/ca\/producto\/excursio-dun-dia-a-la-mola#breadcrumb\",\"itemListElement\":[{\"@type\":\"ListItem\",\"position\":1,\"name\":\"Botiga\",\"item\":\"https:\/\/www.willysplan.com\/ca\/botiga\"},{\"@type\":\"ListItem\",\"position\":2,\"name\":\"Excursi\u00f3 d&#8217;un dia a la Mola\"}]},{\"@type\":\"WebSite\",\"@id\":\"https:\/\/www.willysplan.com\/#website\",\"url\":\"https:\/\/www.willysplan.com\/\",\"name\":\"Willy&#039;s Plan \ud83c\udf43\",\"description\":\"Escapadas y Planes de fin de semana\",\"publisher\":{\"@id\":\"https:\/\/www.willysplan.com\/#organization\"},\"potentialAction\":[{\"@type\":\"SearchAction\",\"target\":{\"@type\":\"EntryPoint\",\"urlTemplate\":\"https:\/\/www.willysplan.com\/?s={search_term_string}\"},\"query-input\":{\"@type\":\"PropertyValueSpecification\",\"valueRequired\":true,\"valueName\":\"search_term_string\"}}],\"inLanguage\":\"ca\"},{\"@type\":\"Organization\",\"@id\":\"https:\/\/www.willysplan.com\/#organization\",\"name\":\"Willy&#039;s Plan \ud83c\udf43\",\"url\":\"https:\/\/www.willysplan.com\/\",\"logo\":{\"@type\":\"ImageObject\",\"inLanguage\":\"ca\",\"@id\":\"https:\/\/www.willysplan.com\/#\/schema\/logo\/image\/\",\"url\":\"https:\/\/www.willysplan.com\/wp-content\/uploads\/2020\/04\/cropped-logo-1.png\",\"contentUrl\":\"https:\/\/www.willysplan.com\/wp-content\/uploads\/2020\/04\/cropped-logo-1.png\",\"width\":332,\"height\":332,\"caption\":\"Willy&#039;s Plan \ud83c\udf43\"},\"image\":{\"@id\":\"https:\/\/www.willysplan.com\/#\/schema\/logo\/image\/\"}}]}<\/script>\n<!-- \/ Yoast SEO Premium plugin. -->","yoast_head_json":{"title":"Excursi\u00f3 d'un dia a la Mola - Willy&#039;s Plan \ud83c\udf43","description":"Reserva ja la teva excursi\u00f3 d\u00b4un dia a la Mola. Descobreix el Parc Natural de Sant Lloren\u00e7 del Munt, amb el Montcau, la Cova Simanya, la Mola...","robots":{"index":"index","follow":"follow","max-snippet":"max-snippet:-1","max-image-preview":"max-image-preview:large","max-video-preview":"max-video-preview:-1"},"canonical":"https:\/\/www.willysplan.com\/ca\/producto\/excursio-dun-dia-a-la-mola","og_locale":"ca_ES","og_type":"article","og_title":"Excursi\u00f3 d'un dia a la Mola","og_description":"Reserva ja la teva excursi\u00f3 d\u00b4un dia a la Mola. Descobreix el Parc Natural de Sant Lloren\u00e7 del Munt, amb el Montcau, la Cova Simanya, la Mola...","og_url":"https:\/\/www.willysplan.com\/ca\/producto\/excursio-dun-dia-a-la-mola","og_site_name":"Willy&#039;s Plan \ud83c\udf43","article_modified_time":"2023-09-05T03:59:49+00:00","og_image":[{"width":800,"height":533,"url":"https:\/\/www.willysplan.com\/wp-content\/uploads\/2020\/10\/excursio-a-la-mola.jpg","type":"image\/jpeg"}],"twitter_card":"summary_large_image","twitter_misc":{"Temps estimat de lectura":"1 minut"},"schema":{"@context":"https:\/\/schema.org","@graph":[{"@type":"WebPage","@id":"https:\/\/www.willysplan.com\/ca\/producto\/excursio-dun-dia-a-la-mola","url":"https:\/\/www.willysplan.com\/ca\/producto\/excursio-dun-dia-a-la-mola","name":"Excursi\u00f3 d'un dia a la Mola - Willy&#039;s Plan \ud83c\udf43","isPartOf":{"@id":"https:\/\/www.willysplan.com\/#website"},"primaryImageOfPage":{"@id":"https:\/\/www.willysplan.com\/ca\/producto\/excursio-dun-dia-a-la-mola#primaryimage"},"image":{"@id":"https:\/\/www.willysplan.com\/ca\/producto\/excursio-dun-dia-a-la-mola#primaryimage"},"thumbnailUrl":"https:\/\/www.willysplan.com\/wp-content\/uploads\/2020\/10\/excursio-a-la-mola.jpg","datePublished":"2020-10-08T06:36:29+00:00","dateModified":"2023-09-05T03:59:49+00:00","description":"Reserva ja la teva excursi\u00f3 d\u00b4un dia a la Mola. Descobreix el Parc Natural de Sant Lloren\u00e7 del Munt, amb el Montcau, la Cova Simanya, la Mola...","breadcrumb":{"@id":"https:\/\/www.willysplan.com\/ca\/producto\/excursio-dun-dia-a-la-mola#breadcrumb"},"inLanguage":"ca","potentialAction":[{"@type":"ReadAction","target":["https:\/\/www.willysplan.com\/ca\/producto\/excursio-dun-dia-a-la-mola"]}]},{"@type":"ImageObject","inLanguage":"ca","@id":"https:\/\/www.willysplan.com\/ca\/producto\/excursio-dun-dia-a-la-mola#primaryimage","url":"https:\/\/www.willysplan.com\/wp-content\/uploads\/2020\/10\/excursio-a-la-mola.jpg","contentUrl":"https:\/\/www.willysplan.com\/wp-content\/uploads\/2020\/10\/excursio-a-la-mola.jpg","width":800,"height":533,"caption":"excursi\u00f3 d\u00b4un dia a la mola"},{"@type":"BreadcrumbList","@id":"https:\/\/www.willysplan.com\/ca\/producto\/excursio-dun-dia-a-la-mola#breadcrumb","itemListElement":[{"@type":"ListItem","position":1,"name":"Botiga","item":"https:\/\/www.willysplan.com\/ca\/botiga"},{"@type":"ListItem","position":2,"name":"Excursi\u00f3 d&#8217;un dia a la Mola"}]},{"@type":"WebSite","@id":"https:\/\/www.willysplan.com\/#website","url":"https:\/\/www.willysplan.com\/","name":"Willy&#039;s Plan \ud83c\udf43","description":"Escapadas y Planes de fin de semana","publisher":{"@id":"https:\/\/www.willysplan.com\/#organization"},"potentialAction":[{"@type":"SearchAction","target":{"@type":"EntryPoint","urlTemplate":"https:\/\/www.willysplan.com\/?s={search_term_string}"},"query-input":{"@type":"PropertyValueSpecification","valueRequired":true,"valueName":"search_term_string"}}],"inLanguage":"ca"},{"@type":"Organization","@id":"https:\/\/www.willysplan.com\/#organization","name":"Willy&#039;s Plan \ud83c\udf43","url":"https:\/\/www.willysplan.com\/","logo":{"@type":"ImageObject","inLanguage":"ca","@id":"https:\/\/www.willysplan.com\/#\/schema\/logo\/image\/","url":"https:\/\/www.willysplan.com\/wp-content\/uploads\/2020\/04\/cropped-logo-1.png","contentUrl":"https:\/\/www.willysplan.com\/wp-content\/uploads\/2020\/04\/cropped-logo-1.png","width":332,"height":332,"caption":"Willy&#039;s Plan \ud83c\udf43"},"image":{"@id":"https:\/\/www.willysplan.com\/#\/schema\/logo\/image\/"}}]}},"_links":{"self":[{"href":"https:\/\/www.willysplan.com\/ca\/wp-json\/wp\/v2\/product\/21750","targetHints":{"allow":["GET"]}}],"collection":[{"href":"https:\/\/www.willysplan.com\/ca\/wp-json\/wp\/v2\/product"}],"about":[{"href":"https:\/\/www.willysplan.com\/ca\/wp-json\/wp\/v2\/types\/product"}],"replies":[{"embeddable":true,"href":"https:\/\/www.willysplan.com\/ca\/wp-json\/wp\/v2\/comments?post=21750"}],"wp:featuredmedia":[{"embeddable":true,"href":"https:\/\/www.willysplan.com\/ca\/wp-json\/wp\/v2\/media\/12949"}],"wp:attachment":[{"href":"https:\/\/www.willysplan.com\/ca\/wp-json\/wp\/v2\/media?parent=21750"}],"wp:term":[{"taxonomy":"product_brand","embeddable":true,"href":"https:\/\/www.willysplan.com\/ca\/wp-json\/wp\/v2\/product_brand?post=21750"},{"taxonomy":"product_cat","embeddable":true,"href":"https:\/\/www.willysplan.com\/ca\/wp-json\/wp\/v2\/product_cat?post=21750"},{"taxonomy":"product_tag","embeddable":true,"href":"https:\/\/www.willysplan.com\/ca\/wp-json\/wp\/v2\/product_tag?post=21750"}],"curies":[{"name":"wp","href":"https:\/\/api.w.org\/{rel}","templated":true}]}}

Excursió d&#8217;un dia a la Mola

<h2><strong>Detalls de la ruta:</strong></h2>
<p>En aquesta excursió guiada us proposem una escapada d&#8217;un dia a La Mola, que no oblidareu mai.</p>
<p>Sortirem des de Barcelona ciutat, adreça al Parc Natural de Sant Llorenç i l&#8217;Obac: Un espai natural protegit, situat entre el Bages i el Vallès Oriental. És distingible pel seu interès paisatgístic, biològic i cultural. És per això que és una de les destinacions més populars entre els turistes locals, per anar a passar el dia, mentre gaudeixes d&#8217;unes increïbles vistes de les dues muntanyes (el Montcau i la Mola), així com gaudir dels misteris que espera dit parc natural (Cova Simanya).</p>
<p><strong>Sortida des de Barcelona:</strong> 8:00 h <a href="https://goo.gl/maps/pBehfm2xGLmtk4358">Oficina de Correus, Barcelona</a> , ​​Catalunya.</p>
<p><strong>Arribada a Barcelona:</strong> 20:00 h <a href="https://goo.gl/maps/pBehfm2xGLmtk4358">Oficina de Correus, Barcelona</a> , ​​Catalunya.</p>
<p><strong>Dificultat de la ruta:</strong> baixa.</p>
<h2><strong>Què inclou lexperiència: </strong></h2>
<p>Transport amb bus o minivan (anada i tornada).</p>
<p>Dinar migdia (opcional).</p>
<p>Guia / Acompanyant.</p>
<p>Segur en cas d&#8217;accidents.</p>
<h2><strong>Si tens algun dubte o consulta, no dubtis a contactar-nos:</strong></h2>
<ul>
<li>Mail: help@willysplan.com</li>
<li>Telèfon: +34 677 724 611</li>
</ul>

<!-- This site is optimized with the Yoast SEO Premium plugin v20.1 (Yoast SEO v26.9) - https://yoast.com/product/yoast-seo-premium-wordpress/ -->
<title>Excursió d&#039;un dia a la Mola - Willy&#039;s Plan 🍃</title>
<meta name="description" content="Reserva ja la teva excursió d´un dia a la Mola. Descobreix el Parc Natural de Sant Llorenç del Munt, amb el Montcau, la Cova Simanya, la Mola..." />
<meta name="robots" content="index, follow, max-snippet:-1, max-image-preview:large, max-video-preview:-1" />
<link rel="canonical" href="https://www.willysplan.com/ca/producto/excursio-dun-dia-a-la-mola" />
<meta property="og:locale" content="ca_ES" />
<meta property="og:type" content="article" />
<meta property="og:title" content="Excursió d&#039;un dia a la Mola" />
<meta property="og:description" content="Reserva ja la teva excursió d´un dia a la Mola. Descobreix el Parc Natural de Sant Llorenç del Munt, amb el Montcau, la Cova Simanya, la Mola..." />
<meta property="og:url" content="https://www.willysplan.com/ca/producto/excursio-dun-dia-a-la-mola" />
<meta property="og:site_name" content="Willy&#039;s Plan 🍃" />
<meta property="article:modified_time" content="2023-09-05T03:59:49+00:00" />
<meta property="og:image" content="https://www.willysplan.com/wp-content/uploads/2020/10/excursio-a-la-mola.jpg" />
	<meta property="og:image:width" content="800" />
	<meta property="og:image:height" content="533" />
	<meta property="og:image:type" content="image/jpeg" />
<meta name="twitter:card" content="summary_large_image" />
<meta name="twitter:label1" content="Temps estimat de lectura" />
	<meta name="twitter:data1" content="1 minut" />
<script type="application/ld+json" class="yoast-schema-graph">{"@context":"https://schema.org","@graph":[{"@type":"WebPage","@id":"https://www.willysplan.com/ca/producto/excursio-dun-dia-a-la-mola","url":"https://www.willysplan.com/ca/producto/excursio-dun-dia-a-la-mola","name":"Excursió d'un dia a la Mola - Willy&#039;s Plan 🍃","isPartOf":{"@id":"https://www.willysplan.com/#website"},"primaryImageOfPage":{"@id":"https://www.willysplan.com/ca/producto/excursio-dun-dia-a-la-mola#primaryimage"},"image":{"@id":"https://www.willysplan.com/ca/producto/excursio-dun-dia-a-la-mola#primaryimage"},"thumbnailUrl":"https://www.willysplan.com/wp-content/uploads/2020/10/excursio-a-la-mola.jpg","datePublished":"2020-10-08T06:36:29+00:00","dateModified":"2023-09-05T03:59:49+00:00","description":"Reserva ja la teva excursió d´un dia a la Mola. Descobreix el Parc Natural de Sant Llorenç del Munt, amb el Montcau, la Cova Simanya, la Mola...","breadcrumb":{"@id":"https://www.willysplan.com/ca/producto/excursio-dun-dia-a-la-mola#breadcrumb"},"inLanguage":"ca","potentialAction":[{"@type":"ReadAction","target":["https://www.willysplan.com/ca/producto/excursio-dun-dia-a-la-mola"]}]},{"@type":"ImageObject","inLanguage":"ca","@id":"https://www.willysplan.com/ca/producto/excursio-dun-dia-a-la-mola#primaryimage","url":"https://www.willysplan.com/wp-content/uploads/2020/10/excursio-a-la-mola.jpg","contentUrl":"https://www.willysplan.com/wp-content/uploads/2020/10/excursio-a-la-mola.jpg","width":800,"height":533,"caption":"excursió d´un dia a la mola"},{"@type":"BreadcrumbList","@id":"https://www.willysplan.com/ca/producto/excursio-dun-dia-a-la-mola#breadcrumb","itemListElement":[{"@type":"ListItem","position":1,"name":"Botiga","item":"https://www.willysplan.com/ca/botiga"},{"@type":"ListItem","position":2,"name":"Excursió d&#8217;un dia a la Mola"}]},{"@type":"WebSite","@id":"https://www.willysplan.com/#website","url":"https://www.willysplan.com/","name":"Willy&#039;s Plan 🍃","description":"Escapadas y Planes de fin de semana","publisher":{"@id":"https://www.willysplan.com/#organization"},"potentialAction":[{"@type":"SearchAction","target":{"@type":"EntryPoint","urlTemplate":"https://www.willysplan.com/?s={search_term_string}"},"query-input":{"@type":"PropertyValueSpecification","valueRequired":true,"valueName":"search_term_string"}}],"inLanguage":"ca"},{"@type":"Organization","@id":"https://www.willysplan.com/#organization","name":"Willy&#039;s Plan 🍃","url":"https://www.willysplan.com/","logo":{"@type":"ImageObject","inLanguage":"ca","@id":"https://www.willysplan.com/#/schema/logo/image/","url":"https://www.willysplan.com/wp-content/uploads/2020/04/cropped-logo-1.png","contentUrl":"https://www.willysplan.com/wp-content/uploads/2020/04/cropped-logo-1.png","width":332,"height":332,"caption":"Willy&#039;s Plan 🍃"},"image":{"@id":"https://www.willysplan.com/#/schema/logo/image/"}}]}</script>
<!-- / Yoast SEO Premium plugin. -->

Excursió d'un dia a la Mola - Willy&#039;s Plan 🍃

Reserva ja la teva excursió d´un dia a la Mola. Descobreix el Parc Natural de Sant Llorenç del Munt, amb el Montcau, la Cova Simanya, la Mola...

Excursió d'un dia a la Mola

excursió d´un dia a la mola
